n - 163. Let v be a(-8). Suppose 2*i = 3*l - 470, 330 = 2*l + v*i - 3*i. What is the greatest common factor of l and w?
20
Suppose 41*f = -94*f - 39*f + 1434108. What is the greatest common divisor of 78 and f?
26
Let r be 609/3 + 104/13 - -8. Calculate the greatest common divisor of 27 and r.
3
Let z be (3 - (-1 - 56)) + (2 - 2). Suppose -z = -4*b + 4*v, v + 15 = -2*v. Let h be 18/((-5)/b*-1). What is the greatest common factor of 24 and h?
12
Let x be ((-2 - -1) + 46)*176/440. What is the greatest common divisor of 230 and x?
2
Let r = -25 + 23. Let b be (-702)/(-36) - 1/r. Let h(c) = 3*c**2 + c. Let x be h(1). What is the greatest common divisor of b and x?
4
Let k = 5353 - 5272. Calculate the greatest common divisor of k and 1566.
27
Let s(l) = l**2 + 23*l + 86. Let r be s(-16). Let w be (-195)/r*(-174)/(-9). What is the greatest common factor of 58 and w?
29
Let d(w) = w**2 + 2*w + 3. Suppose 0 = q - 2 + 6. Let h be d(q). Let j(f) = f**2 - 11*f + 3. Let i be j(h). Calculate the greatest common factor of 21 and i.
3
Suppose 2484 = -4*j - 2*z, 4*j + 1236 = 2*j + 2*z. Let p be (j/(-93))/(5/18). What is the highest common factor of 228 and p?
12
Suppose g - 4*l = 88, l = g - 2*g + 98. Let t = -91 + g. Let s be (-681)/(-15) - 4/10. Calculate the highest common divisor of s and t.
5
Let c(w) = -5*w - 162. Let k be c(-36). Let j be k/(-21)*-75*(-56)/(-12). What is the greatest common factor of 50 and j?
50
Let o(q) = -q**3 + 7*q**2 - 8*q + 11. Let a be o(5). Let b = -350 + 666. Suppose -s - 17 + 121 = f, f + b = 3*s. What is the highest common factor of a and s?
21
Let d(v) = -v**2 - 13*v - 38. Let y be d(-8). Let h be (y - 20/6)*729/(-6). What is the highest common divisor of h and 18?
18
Let f be (-140)/105 - (-2)/6. Let s(h) = -35*h + 15. Let p be s(f). What is the greatest common factor of 275 and p?
25
Let g(o) = o**2 + 12*o - 41. Let b be g(-15). Suppose 2 + b = 2*m. What is the greatest common divisor of m and 2?
1
Suppose 3*y + 1 + 5 = 0. Let z be 156/(-39) + ((-2)/y - 83). Let i = -74 - z. What is the greatest common divisor of i and 84?
12
Let w = -20676 - -56446. What is the highest common divisor of w and 10?
10
Let b be (-9989704)/(-2220) + 6/45. Calculate the highest common divisor of 288 and b.
36
Suppose 2*s - 7*s + 102414 = 73*s. What is the greatest common factor of 202 and s?
101
Suppose -2*i + 5*r + 10381 = 0, 0 = -3*i + 4*r + 2041 + 13499. Calculate the greatest common divisor of 170 and i.
34
Let z = -1124 + 2560. What is the highest common divisor of 12 and z?
4
Suppose 184*t - 78 = 171*t. Calculate the highest common factor of 2043 and t.
3
Let k(o) = -8*o**2 + 56*o - 18. Let h be k(3). What is the greatest common factor of 1209 and h?
39
Suppose -41*t = -38*t. Let f(r) = -5*r + 6*r + 2*r + 22. Let p be f(t). What is the highest common factor of p and 55?
11
Let x(z) = -z**3 - 26*z**2 + 206*z + 51. Let y be x(-34). What is the greatest common divisor of y and 51?
51
Suppose 103*k - 99*k = 4*b - 5464, -5*b - 5*k + 6770 = 0. What is the greatest common factor of b and 16?
16
Let r = 75 + -75. Suppose -c + 65 = -2*s, 5*c - 11 - 14 = r. Let l be (-6 - 60/(-9))/((-1)/s). Calculate the greatest common divisor of l and 30.
10
Let m = -2539 - -3232. What is the greatest common divisor of 495 and m?
99
Let t(p) be the first derivative of 77*p**4/4 + 4*p**3/3 - 2*p**2 + p - 9. Let b be t(1). Calculate the greatest common divisor of b and 195.
39
Let v be (-2270)/(-6) - 2/6. Let f(n) = 8*n**2 - 677*n + 434. Let a be f(84). What is the greatest common factor of v and a?
14
Suppose -6*j + 6 = -0*j. Let u be (2/(-3))/(4/(-558)) - j. What is the highest common factor of u and 69?
23
Let y be (2 - (-28)/(-8))*-4. Let n(m) = -m**3 + 5*m**2 + 8*m + 3. Let q be n(y). Let p = 165 + -105. Calculate the highest common divisor of q and p.
15
Suppose 28*d - 4013 = -11293. Let o = 377 + d. Calculate the greatest common divisor of o and 45.
9
Suppose -20 = -5*d, 5*m - 52 = 1133*d - 1131*d. Let j = -8 - -17. Suppose q - j = 6. What is the greatest common divisor of m and q?
3
Suppose 333670 = -46*v + 2315350. Let m be 4/(-36) + v/135. Calculate the highest common divisor of m and 116.
29
Suppose -79 = -4*l + 17. Suppose 42*k - 1008 = l*k. Calculate the greatest common divisor of k and 140.
28
Suppose 4*k + 315 = k. Let y = -73 - k. Suppose y = 7*w - 10. What is the highest common factor of 4 and w?
2
Let r = -226327 + 227445. Let g(u) = 2*u**3 - 2*u**2 - 4*u + 2. Let i be g(3). Calculate the greatest common factor of r and i.
26
Let r = 4474 + -4470. Suppose 3*g = 59 + 73. Calculate the highest common divisor of g and r.
4
Suppose 95 = -5*n - 2695. Suppose 499 = -2*g + 131. Let m be ((-27)/(-6))/(-3 + n/g). What is the greatest common divisor of m and 23?
23
Let h be ((-3)/(-5))/(((-36)/(-340))/9). Suppose -7*a + 89 = -h. Let u be a/130 + 36*(-462)/(-52). Calculate the highest common divisor of u and 32.
32
Let x(b) be the first derivative of -1/2*b**2 + 12 + 19*b. Let i be x(-5). Calculate the highest common divisor of 16 and i.
8
Let p be (-135)/18*(-1 - 1). Let b(u) = 6*u**3 + 33*u**2 - 31*u - 39. Let s be b(-6). What is the greatest common divisor of s and p?
3
Suppose -5*q = -2*f + 12425, -3*f + 18629 = 201*q - 200*q. Calculate the greatest common divisor of 180 and f.
90
Suppose 0 = -3*a - c + 17200, -14*a = -16*a + c + 11470. What is the greatest common divisor of 610 and a?
122
Suppose -2*l = -n, -8*n + 9*n = l. Suppose -3*p + 16*p - 8736 = l. What is the greatest common factor of 42 and p?
42
Suppose -4*h + 2*a = -88, -4*h + a + 82 = 2*a. Let i be 1 + h + (-1 - -2). Suppose 0 = 39153*f - 39238*f + 9775. What is the greatest common factor of i and f?
23
Suppose -15*s - 1821 = -5648 - 73. Calculate the highest common factor of s and 10270.
130
Let c = 148 - 146. Let n(r) = 20*r**2 - r - 3. Let u be n(c). What is the highest common factor of 125 and u?
25
Let f(p) = 37*p - 179. Let m be f(5). What is the greatest common divisor of 630 and m?
6
Let r = 6 + 5. Let t(o) be the second derivative of 23*o**3/6 - 145*o**2 - 292*o. Let z be t(15). Calculate the greatest common factor of z and r.
11
Suppose 4 = 3*w + 2*m - 6*m, 4*m = 2*w. Suppose 154 = 5*f - 5*j + 24, w*j - 4 = 0. Calculate the highest common divisor of 6 and f.
3
Suppose 4*v + 32 = 7*h - 3*h, 0 = -2*v - 3*h - 21. Let f(a) = 7*a + 83. Let w be f(v). Let p be (88/10)/(2/50). What is the highest common factor of p and w?
20
Let j(c) = -2*c**3 + 8*c**2 - 12*c - 16. Let h be j(-6). What is the highest common divisor of h and 2?
2
Suppose 0 = -10*n + 29 + 31. Suppose n*y - 9*y = -201. Let z = 111 - y. Calculate the greatest common divisor of z and 11.
11
Let j(w) = 2*w**3 - 7*w**2 + 8*w - 39. Let h be j(5). Suppose 2*r + 4*v = h, 3*r + 2*r - v - 190 = 0. What is the highest common factor of r and 285?
19
Suppose -6598 - 9256 = -4*l + 2*y, -y = -4*l + 15847. What is the greatest common divisor of l and 44?
44
Let d be (-3)/((-38)/32 + 1). Let z = -31 + 635. Let p = 684 - z. What is the greatest common divisor of p and d?
16
Suppose 4*j = 2*h + 3486, -12*j + 9808 = -2*h - 654. What is the highest common factor of j and 16?
8
Suppose 27*a - 10*a - 1179 - 113 = 0. Let j be 10/(-2 - -4) - 1. Calculate the greatest common factor of j and a.
4
Let k = 4747 + -4571. Calculate the greatest common divisor of 165 and k.
11
Suppose 5*x + 5*k - 906 - 19 = 0, 4*k + 548 = 3*x. Calculate the highest common divisor of 782 and x.
46
Let n = 131 - 19. Let s = 42 + -34. Suppose -2*y + 36 = s. What is the greatest common factor of y and n?
14
Let r(f) = -23*f + 9. Let m be r(-12). Suppose -5*b = -4*g - 809, -b - 116 = g - m. Calculate the highest common divisor of 60 and b.
15
Let n = 19356 - 9500. What is the highest common divisor of 32 and n?
32
Let w = 398 - 232. Suppose -k + 3*a = 7 - 0, 3*k + 2*a - 12 = 0. Suppose 2*x = -4*v + w, k*v - 3*x - 108 = x. Calculate the highest common divisor of v and 4.
4
Let u be 32 - (6 + 4 + 10/(-5)). Calculate the highest common divisor of u and 150.
6
Let p = -14166 + 15464. Calculate the greatest common divisor of 1770 and p.
118
Let c(a) = a**3 + 15*a**2 - 156*a - 11. Let v be c(8). What is the highest common divisor of 15 and v?
3
Suppose -5*p + 10*p + 5*f - 440 